 is the units digit of f?
4
Suppose 0 = -4*w - 3*w + 602. What is the tens digit of w?
8
Let s be 9/(-12) - 33/(-12). Suppose -5 = -s*j + 1. What is the units digit of j?
3
Suppose 6 = -4*h + 6*h. Suppose 0 = 3*i - 2*i - 2*x + 3, h*i = -2*x + 23. What is the units digit of i?
5
Let u(z) = 78*z - 3. Let x be u(-8). What is the tens digit of x/(-27) + (-8)/36?
2
Let p(l) = l - 7. Let u be p(-9). Let s be (-6)/(-4)*u/12. Let j = s - -3. What is the units digit of j?
1
Let m = 20 - 19. What is the units digit of m?
1
Let h(v) = -v**3 + 10*v**2 - 8*v - 5. Let n be h(9). Suppose -g = -3*s + 26, n*s - g - 26 = -4*g. What is the units digit of (-2)/(-2)*s*1?
8
Let z = -2 - -3. What is the units digit of (-2)/2 - -9 - z?
7
Let k(r) = -20*r**3 + 4*r**2 - 18*r + 8. Let o(q) = 7*q**3 - q**2 + 6*q - 3. Let g(f) = -6*k(f) - 17*o(f). What is the units digit of g(6)?
3
Let j(l) = l**3 - 22*l**2 + 7*l + 13. What is the tens digit of j(22)?
6
Let q(k) = -5*k**3 + 10*k + 3. Let z(i) = 14*i**3 - i**2 - 29*i - 9. Let f(x) = -11*q(x) - 4*z(x). Suppose -2*d + 16 = 6. What is the units digit of f(d)?
8
Suppose 0 = -5*s, 4*a - 5*s - 66 + 2 = 0. Suppose -5*i = -j - 112 + a, -j + 37 = 2*i. What is the tens digit of i?
1
Let w(o) = 2*o - 5. Let v be w(5). Let k be 0/2 - (v - 20). Suppose -i + k = 5. What is the tens digit of i?
1
Let v = -7 + 4. Let d(o) = o**3 + 2*o**2 - 3*o + 1. Let j be d(v). What is the tens digit of (j/(-3) + 1)*18?
1
Suppose 0 = 2*h + 4*y - 280, -2*y = -3*h + 2*y + 420. What is the tens digit of h?
4
Suppose 3*p - p = 8. Suppose 0 = -w + 5, 5*w - 109 + 40 = -p*i. What is the tens digit of i?
1
Suppose -4*n + 64 + 20 = 0. Let s = -37 - -40. Suppose -s*k = 5*b - n, 2*b = -3*k + 3*b + 21. What is the units digit of k?
7
Suppose 3*m = -0*m + 210. Suppose -3*v + 3*q + m = q, 5*q + 120 = 5*v. What is the tens digit of v?
2
Let u(y) = y**2 + 7*y + 7. Suppose 0 = q - p - p + 11, -5*q - 5*p - 10 = 0. Let v be u(q). What is the units digit of (2 + v)*(1 + -10)?
9
Let g = 8 + -7. Suppose -13 = -2*a + j, 3*a = -2*j + g + 1. What is the units digit of a?
4
Let z be -3 + -5 + 2 + 6. Suppose -b - b + 4*y = -48, z = 5*b + 2*y - 180. What is the units digit of b?
4
Let l(h) = 6*h**3 - 8*h**2 - 5. Let g(s) = s**3 - s**2 - s - 1. Let p(i) = -5*g(i) + l(i). What is the tens digit of p(4)?
3
Suppose -2*u = 4*p - 232, -3*p - u = u - 175. What is the units digit of p?
7
Suppose 8*a = 3*a + w - 19, 0 = -w - 1. What is the units digit of (-2)/(-3)*(-18)/a?
3
Let c = 25 + -25. Suppose c = -i + 5 + 5. What is the tens digit of i?
1
Suppose -2*t + 2 = 0, 2*u + 2*u - 3*t + 27 = 0. Let k(d) = d**3 + 7*d**2 + 5*d. Let b be k(u). Suppose -4*l - b = -42. What is the units digit of l?
9
Let c(u) = 15*u**3 - u**2 - u + 1. What is the hundreds digit of c(2)?
1
Let h be 2/(-5) + (-84)/15. Let x be 5/(-15) + (-2)/h. Let f = x - -2. What is the units digit of f?
2
Suppose -5*n = -9*n + 76. Let c = n - -2. What is the units digit of c?
1
Suppose h - 3*h = 8. What is the units digit of 10/(-4)*h/5?
2
Let w(o) = -11*o**3 - 12*o**2 - 2*o - 2. Let i(y) = 5*y**3 + 6*y**2 + y + 1. Let j(b) = 13*i(b) + 6*w(b). What is the units digit of j(6)?
7
Suppose -12*o + 15*o - 105 = 0. What is the tens digit of o?
3
Suppose -2*f + 4*i + 16 = 0, 4*i = -3*f + 2*i + 32. What is the units digit of f?
0
Let v = 104 - -143. What is the tens digit of v?
4
Let w(m) = -m**3 + m**2 + 6*m + 5. What is the tens digit of w(-3)?
2
Let q = 217 + -126. What is the tens digit of q?
9
Let t(x) = -x**3 + x**2 + 5*x - 3. Let z be t(3). Suppose -2*d = 2*d + 40. Let p = z - d. What is the units digit of p?
4
Let h(j) = -2*j**2 + 4. Let n be h(-2). What is the tens digit of (-88)/12*(n - 2)?
4
Suppose 2*g = 4 + 6. Let m(y) = -y**2 + 5*y. Let b be m(g). What is the units digit of (b - -1)/(1 + 0)?
1
Suppose -4*b + 22 = -2*c, 5*c = 3*b - 15 - 12. Suppose 0 = -b*q + 3*q + 2*s + 45, -2*q + 5*s = -85. Suppose -q - 35 = -5*i. What is the units digit of i?
8
Let b be (9/(-6))/(2/(-8)). Suppose 3*m = -4*v + 10, 2*m - 1 = -2*v + 3. Suppose -5*a + 5 = 3*f, -4 = b*a - 2*a + v*f. What is the units digit of a?
4
Let h = -11 - -7. Let b = 17 - h. Let k = -7 + b. What is the units digit of k?
4
Suppose 5*j - 26 = -3*g, 0*j = -3*g - 4*j + 22. Let t be (g + 9/(-12))*4. Suppose 0 = 5*c + 5*d + t, d + 8 = -3*d. What is the units digit of c?
1
Let j(y) = 4*y**2 - 1. Let x be j(-1). Let g(l) = 2*l**2 - x*l**2 + 6*l**2 + 3*l. What is the tens digit of g(-2)?
1
Suppose 48 = 4*n - 212. Suppose -4*u = b - 137, 19 + n = 3*u - 3*b. What is the units digit of u?
3
Let c be (-2 - -1)*(1 + -1). Suppose 2*b - 4*b + 36 = c. Suppose 0*g = -3*g + b. What is the units digit of g?
6
Suppose -12 = -5*y + 3. Let c be (-1)/y + (-2)/(-6). Suppose c = -4*g + 37 - 9. What is the units digit of g?
7
Let q(m) = 2*m**3 + 4*m**2 - 4*m + 3. What is the units digit of q(3)?
1
Let z be 1/(-2) - (-28)/8. Let h be 3 - z - -16 - 0. Let d = h - 6. What is the tens digit of d?
1
Suppose 3*u = -4*j + 112, 0*u + 37 = j + 3*u. What is the tens digit of j?
2
Let i(r) = r**3 - 7*r**2 + 5*r + 7. Let u be i(6). Suppose -u = d - 11. What is the units digit of (-4)/(-10) + 6/d?
1
Let w = 700 + -351. What is the hundreds digit of w?
3
Suppose 5*f = -2*b + 852, 864 = 5*f + b - 2*b. What is the units digit of f?
2
Suppose -25 = -3*b + 62. Let y = b + -21. What is the units digit of y?
8
Let t(l) = -5*l - 6. Let s be t(-4). Let f = s + -13. What is the units digit of f?
1
Let n(z) = 4*z**3 - 1. Let y be n(1). Suppose 2*g + x - 5*x - 32 = 0, 38 = y*g - x. What is the units digit of g?
2
Let a(l) = l**2 - 4*l - 2. Let g be a(5). Let k = 3 - g. Suppose 0 = 5*y - 4*i - 25, k = 2*y - i - 0*i - 10. What is the units digit of y?
5
Let o = 123 - 75. What is the tens digit of o?
4
Suppose 29 + 21 = -5*g. Suppose 0 = 2*v - 5*j + 57, 71 = -5*v - 4*j + 11. Let l = g - v. What is the units digit of l?
6
Let g be 264/21 + 3/7. Let x = g - -2. What is the units digit of x?
5
Let m(z) = z**3 + 5*z**2 + 4*z + 6. What is the units digit of m(-4)?
6
What is the tens digit of -2 - (0/1 - 68)?
6
Suppose -49 = -5*h + 176. What is the tens digit of h?
4
Suppose i + j = -8 + 77, -5*i - 4*j + 350 = 0. Let n = 111 - i. What is the units digit of n?
7
Let l be (-4 + 0)/(5/(-70)). Suppose 0*z = -4*v + 4*z - l, z + 56 = -4*v. Let i = 21 + v. What is the units digit of i?
7
Suppose 0 = 3*d + 2*d. Let w(t) = -t + 22. Let j be w(d). Let z = j - 16. What is the units digit of z?
6
Let m(w) be the third derivative of -w**5/60 + 3*w**4/8 - w**3 + 2*w**2. What is the tens digit of m(6)?
1
Suppose -3*g = -3*a + 162, g = 5*g + 2*a + 186. What is the tens digit of (-2)/(-7) + (-1799)/g?
3
Let i(q) = -q + 4. Let b(x) = x**3 - 5. Let p be b(0). What is the units digit of i(p)?
9
Let h(i) = -3*i + 9. Let w(g) = 3*g - 10. Let c(n) = 5*h(n) + 4*w(n). What is the units digit of c(-8)?
9
Let l(h) = 9*h + 1. Suppose b = -2*k + 9, -b + k = -0*k + 6. Let i be l(b). What is the tens digit of (-8)/(i/3 + 2)?
1
Let i = 50 - 28. Suppose 0 = -2*f + 4*f + 2, -i = -5*x + 2*f. Suppose 0 = -s + r + 4, -4*r - x = -5*r. What is the units digit of s?
8
Suppose 2*w + 10 = 2*g, -12 = -0*w - 4*w - 4*g. Let d be w/6 - 62/(-12). Suppose 0*r + 4*f + 4 = 3*r, 0 = 2*r - d*f + 9. What is the units digit of r?
8
What is the units digit of -2 - (-1)/((0 - 1)/(-58))?
6
Suppose -2*v + 5*h = -59, v - 2*v - h + 26 = 0. Suppose v + 28 = 5*q. Let k = 16 - q. What is the units digit of k?
5
Suppose -3*p = 5*a - 938, 0 = -5*a + 2*p - 229 + 1162. What is the tens digit of a?
8
Suppose 0 = 2*n - 7*n + 5*v + 130, -82 = -3*n + 4*v. What is the tens digit of n?
2
Let d(w) = -w**2 - 3*w - 9. Let s(j) = j**2 + 4*j + 10. Let f(c) = -3*d(c) - 2*s(c). What is the tens digit of f(-5)?
2
Let f = 4 - 2. Suppose -f*g = -5*g + 21. Suppose 3*w + 13 = g*z - 3*z, -3*w = 4*z - 19. What is the units digit of w?
1
Let j be 30/9 - 2/6. Suppose -o = j*o - 52. What is the tens digit of o?
1
Suppose 5*q - 39 = 6. What is the units digit of q?
9
Suppose 2*h + 2 - 8 = 0. Suppose 5*p + 14 = 4*k, -h*p = 2*k - k + 5. Let a(z) = 6*z**2 - 1. What is the units digit of a(k)?
5
Let b(l) = l - 3. Let z be b(8). Suppose -z*w - c = -79, 3*w = 4*c + 11 + 18. What is the units digit of w?
5
Let d(f) = 93